 7. What is the greatest common divisor of f and 7?
7
Let y(g) be the third derivative of g**6/120 + g**5/20 - g**4/6 - 7*g**3/6 - 2*g**2. Let x be y(-3). Calculate the greatest common factor of 5 and x.
5
Let r(g) = 0 + 2 + 7*g + 2*g. Let z be r(2). Calculate the highest common divisor of 8 and z.
4
Let y be 26*(-11)/(-6)*3. Calculate the greatest common divisor of 13 and y.
13
Let a be 4/14 - (-10)/(-35). Suppose -3*y + 15 = -a*b + 3*b, -5*y = -3*b - 57. Calculate the highest common divisor of y and 18.
9
Let x = -3 + 8. Suppose -x*j + 258 = -4*t - 0*t, -t - 52 = -j. Let h be 64/(-24)*(-30)/8. What is the highest common divisor of h and j?
10
Let s be -2*1 + 8 + -11. Let m = 12 + s. Calculate the greatest common factor of 35 and m.
7
Let r(z) be the second derivative of 13*z**4/12 + 2*z**3/3 + 3*z**2 - z. Let u be r(-4). Calculate the highest common factor of u and 18.
18
Suppose 2*r = i + 85, r + i = 5 + 42. Let g(o) = -4*o - 2. Let p be g(-6). Calculate the greatest common factor of r and p.
22
Let a = 11 + 10. Calculate the greatest common factor of 189 and a.
21
Let t = -5 - -3. Let w be 90/((t + 1)/(-1)). Let h(c) = 6*c - 2. Let k be h(2). What is the greatest common factor of k and w?
10
Suppose 4 = g + 1. Suppose -i + g*p = 3*i - 2, 0 = 2*i - p - 2. Suppose i*q + 3*q = 45. Calculate the greatest common divisor of 9 and q.
9
Suppose -4*j + 3*j + 5 = 0. Suppose -2*z = z + 2*v - 1, 8 = 2*z + j*v. Let i be 63 - z - (-4)/2. What is the highest common factor of 6 and i?
6
Let d = 5 - -5. What is the greatest common divisor of 5 and d?
5
Let q be (-2 - 0)*(-1 + -3). Suppose -2 = -i + b, -b = -1 - 2. Suppose -3*a + 103 = 2*m, -m + 45 - 4 = i*a. Calculate the greatest common divisor of m and q.
8
Let n be (0 - 1) + 3 + 0. Let i = 75 - 53. Suppose -n*a - 4 = -i. Calculate the greatest common divisor of a and 3.
3
Let z be (-2)/(-8) + (-23)/(-4). Let v be z - (-4)/((-4)/2). What is the greatest common factor of v and 2?
2
Suppose 0 = -0*p - 5*p + 10. Let v be 5/3 + (-2)/3. What is the highest common factor of p and v?
1
Let i be -3 + (-5)/((-15)/6). Let u be 14 - 2*(i - 0). Calculate the highest common factor of u and 16.
16
Suppose -75 = -2*i + 125. Calculate the greatest common factor of i and 20.
20
Let k = 11 + -5. Let f be (21/k)/((-2)/(-48)). What is the greatest common factor of 12 and f?
12
Let k = -22 + 33. Let y be (-55)/(-2)*2*1. Calculate the highest common divisor of y and k.
11
Suppose 2*j + 1 = -7, -4*r = -5*j - 472. Suppose 0 = 4*n - 5*t - r, n - 2*t + 102 = 4*n. What is the greatest common divisor of n and 4?
4
Let c(q) = q - 2. Let m be c(-4). Let l = m - -9. Suppose -70 = -l*i - 2*i. What is the greatest common divisor of i and 7?
7
Suppose -7*x = -x - 30. Let r(w) = -2*w - 3. Let t be r(-4). Calculate the highest common divisor of x and t.
5
Let h = 73 + -41. Suppose -3*t + h = b, 4*b + 27 = 3*t - 10. Suppose 2 = -2*x + o, 3*o + 1 = 13. What is the highest common divisor of x and t?
1
Suppose 0 = -3*m + 36 + 3. Suppose 0 = 4*k + 4*a - 40, -5*k + 96 = -4*a + 19. Calculate the greatest common divisor of k and m.
13
Suppose t - 3*o - 22 + 1 = 0, -2*t + 38 = -2*o. Suppose 108 + 162 = 2*q. Suppose -q = -7*a + 2*a. What is the highest common factor of t and a?
9
Suppose 6*j - 10*j = -616. Let v = 15 - 1. Calculate the greatest common factor of j and v.
14
Let m = 29 - -23. What is the greatest common factor of m and 364?
52
Let n(v) = 3*v + 68. Let a be n(-20). Calculate the highest common factor of 72 and a.
8
Suppose 8*a - 3*a = 25. Suppose 3*z = a*n + 9, 0 = -2*z + 5*n + 2 + 4. What is the highest common factor of 15 and z?
3
Let d(g) = -g + 9. Let a be d(6). Suppose i + 0*i + 3*u = a, -2*u = -i + 3. What is the greatest common factor of 27 and i?
3
Suppose 4*s + 0 = 8. Let c = s - -1. Let g = -5 - -8. What is the greatest common divisor of g and c?
3
Suppose -2*f + 98 = 2*o, -2 = 3*f - f. What is the highest common divisor of 20 and o?
10
Suppose -l + 1 = -4. Suppose 120 = 6*x - 3*x. What is the greatest common factor of l and x?
5
Let k be ((-6)/4)/(6/(-80)). Calculate the highest common factor of 220 and k.
20
Let t be ((-84)/(-9))/(8/12). Calculate the greatest common divisor of t and 28.
14
Let a be ((-54)/(-21))/(2/(-14)). Let d = a - -39. Calculate the highest common factor of d and 21.
21
Let k(i) = -i**2 + 10*i + 10. Let w be k(10). Let q be (276/w)/((-6)/(-15)). Let v be 6/27 - 824/(-18). Calculate the highest common factor of v and q.
23
Suppose 5*y - 3*x = 300, y + 0*x = -5*x + 60. Calculate the highest common divisor of 40 and y.
20
Let h(j) = 5*j + j + j. Let b be h(4). What is the greatest common factor of 252 and b?
28
Let q(z) = 2*z - 5. Let w(i) = i - 6. Let d(b) = 3*q(b) - 4*w(b). Let o be d(-7). Let v be 2/(-1)*(-1 + o). What is the highest common divisor of v and 132?
12
Let c be (-4)/(-12) - (-71)/3. What is the highest common divisor of 6 and c?
6
Let h be 10/105 - 6044/(-42). What is the greatest common divisor of h and 16?
16
Let o = 95 - 83. Calculate the highest common divisor of 6 and o.
6
Let g = 58 - 73. Suppose 4*f = 1 + 99. Let h = f + g. What is the greatest common divisor of h and 50?
10
Let v(j) = j**3 - 3*j**2 + 2*j + 2. Let r be v(2). Let x be 5/((0 - r)/(-6)). Let l = -10 + x. What is the highest common factor of 5 and l?
5
Suppose -20*r + 7*r + 182 = 0. Let k = -1 + 3. What is the highest common factor of k and r?
2
Let f(b) = -2*b - 8. Let i be f(-6). Suppose -5*p - 21 = -3*m, 0 = 3*m + i*p + 4 - 52. What is the highest common divisor of 4 and m?
4
Let y be (6 - 2)/((-212)/(-52) + -4). What is the highest common factor of y and 13?
13
Suppose 0 = 3*r + 5*f - 34, -f + 22 = 2*r + 2*f. Let l(t) = t**2 + 5*t + 8. Let c be l(-8). Calculate the highest common factor of r and c.
8
Suppose -3*i - 60 + 240 = 0. Calculate the highest common factor of i and 30.
30
Let m(w) = -w**3 + 7*w**2 + 2*w + 3. Let n be m(7). What is the greatest common factor of n and 119?
17
Let m = 51 + -31. What is the highest common divisor of m and 4?
4
Let w be (18/(-3))/((-2)/18). Let y(f) = -7 + 1 - f**2 + 0 + 8*f. Let t be y(6). Calculate the highest common divisor of w and t.
6
Let b(m) = 15*m. Let q be b(-1). Let g be ((-1)/3)/(5/q). What is the highest common factor of g and 2?
1
Suppose -3*j - 137 - 148 = -5*t, -4*t = -4*j - 220. Suppose 0 = 3*i + 2*i - 30. Calculate the highest common divisor of i and t.
6
Let t(z) = -18*z. Let f be t(-2). Let u(g) = 2*g - 7. Let y be u(-2). Let o be (y - -2)*(-12)/9. Calculate the highest common factor of f and o.
12
Let z = -8 - -10. Suppose -38 = -4*h + z*j - 3*j, 5*h + 4*j - 42 = 0. Calculate the greatest common divisor of 10 and h.
10
Suppose f + 2*p - 38 = p, 0 = -5*f + p + 166. Let j = -22 + f. Suppose 3*c = -0*r - 3*r + 6, 3*r + 6 = c. Calculate the greatest common factor of c and j.
3
Let y(p) = -7*p**2 + 11*p - 17. Let l(i) = -4*i**2 + 6*i - 9. Let c(f) = 5*l(f) - 3*y(f). Let g be c(6). What is the highest common factor of g and 8?
8
Let i = 105 - 70. Let z = 23 - 18. Calculate the highest common factor of i and z.
5
Let r(y) = 9*y + 10. Let q be r(10). Calculate the greatest common divisor of 40 and q.
20
Let r be -1*2/6*0. Suppose r = -3*u + 30 + 36. Suppose 4*a + 140 = 4*j, 0*a + 2*a - 62 = -2*j. Calculate the highest common divisor of j and u.
11
Suppose r + 44 = 3*h - 3*r, -2*h = -4*r - 36. Calculate the greatest common divisor of h and 20.
4
Let r = 2 - -3. Suppose -z - z + 96 = 0. Suppose 0*h + 3*p + 26 = 2*h, r*h + p = z. Calculate the highest common divisor of h and 2.
2
Let a = -9 + 29. What is the highest common factor of 10 and a?
10
Let l = 196 + -52. Calculate the highest common factor of l and 16.
16
Suppose 3*g + 2*l = 6*g - 373, 2*g = -3*l + 227. Calculate the highest common factor of g and 11.
11
Let c be 4/18 + (-102)/(-27). Suppose c*i + i - 85 = 0. Calculate the greatest common divisor of 68 and i.
17
Let l = -26 + 80. Calculate the greatest common factor of l and 36.
18
Let x be ((-3 - 2) + 3 + 1)*-256. Calculate the greatest common factor of 32 and x.
32
Suppose -2*v + 14 = -10. Let d be 2 + 8 + 0/2. Let k be (-8)/d*(-45)/6. Calculate the highest common factor of k and v.
6
Suppose 0 = 2*y - 7*y - 4*n + 13, 0 = -4*y + 5*n + 35. Calculate the 